{"id":8,"date":"2022-03-08T22:50:10","date_gmt":"2022-03-08T22:50:10","guid":{"rendered":"http:\/\/blog.mapateatral.com\/?page_id=8"},"modified":"2022-03-08T23:09:56","modified_gmt":"2022-03-08T23:09:56","slug":"contacto","status":"publish","type":"page","link":"http:\/\/blogteatral.com\/index.php\/contacto\/","title":{"rendered":"Contacto"},"content":{"rendered":"\n<p>Para contactarte con nosotros, podes hacerlo por cualquier de nuestras v\u00edas de Comunicaci\u00f3n:<\/p>\n\n\n\n<ul class=\"wp-block-list\"><li>Email: mapateatral@gmail.com<\/li><li>Instagram: @mapateatral<\/li><li>Facebook: @MapaTeatral<\/li><\/ul>\n\n\n\n<p><\/p>\n\n\n\n<p>No dudes en escribirnos, respondemos r\u00e1pido!<\/p>\n\n\n\n<p><\/p>\n\n\n\n<p>No te olvides de pasar por nuestra cartelera teatral:\u00a0<a rel=\"noreferrer noopener\" href=\"http:\/\/mapateatral.com\/\" target=\"_blank\">www.mapateatral.com<\/a><\/p>\n","protected":false},"excerpt":{"rendered":"<p>Para contactarte con nosotros, podes hacerlo por cualquier de nuestras v\u00edas de Comunicaci\u00f3n: Email: mapateatral@gmail.com Instagram: @mapateatral Facebook: @MapaTeatral No dudes en escribirnos, respondemos r\u00e1pido!<\/p>\n","protected":false},"author":1,"featured_media":0,"parent":0,"menu_order":0,"comment_status":"closed","ping_status":"closed","template":"","meta":{"footnotes":""},"class_list":["post-8","page","type-page","status-publish","hentry"],"_links":{"self":[{"href":"http:\/\/blogteatral.com\/index.php\/wp-json\/wp\/v2\/pages\/8","targetHints":{"allow":["GET"]}}],"collection":[{"href":"http:\/\/blogteatral.com\/index.php\/wp-json\/wp\/v2\/pages"}],"about":[{"href":"http:\/\/blogteatral.com\/index.php\/wp-json\/wp\/v2\/types\/page"}],"author":[{"embeddable":true,"href":"http:\/\/blogteatral.com\/index.php\/wp-json\/wp\/v2\/users\/1"}],"replies":[{"embeddable":true,"href":"http:\/\/blogteatral.com\/index.php\/wp-json\/wp\/v2\/comments?post=8"}],"version-history":[{"count":0,"href":"http:\/\/blogteatral.com\/index.php\/wp-json\/wp\/v2\/pages\/8\/revisions"}],"wp:attachment":[{"href":"http:\/\/blogteatral.com\/index.php\/wp-json\/wp\/v2\/media?parent=8"}],"curies":[{"name":"wp","href":"https:\/\/api.w.org\/{rel}","templated":true}]}}